{"id":8,"date":"2025-02-25T13:47:51","date_gmt":"2025-02-25T12:47:51","guid":{"rendered":"https:\/\/wordpress.nicolax.be\/?page_id=8"},"modified":"2025-02-25T14:59:45","modified_gmt":"2025-02-25T13:59:45","slug":"gite-de-penot","status":"publish","type":"page","link":"https:\/\/wordpress.nicolax.be\/","title":{"rendered":""},"content":{"rendered":"\t\t<div data-elementor-type=\"wp-page\" data-elementor-id=\"8\" class=\"elementor elementor-8\">\n\t\t\t\t<div class=\"elementor-element elementor-element-cd30fa0 e-con-full e-flex e-con e-parent\" data-id=\"cd30fa0\" data-element_type=\"container\">\n\t\t\t\t<div class=\"elementor-element elementor-element-bcabb88 elementor-widget elementor-widget-image\" data-id=\"bcabb88\" data-element_type=\"widget\" data-widget_type=\"image.default\">\n\t\t\t\t<div class=\"elementor-widget-container\">\n\t\t\t\t\t\t\t\t\t\t\t\t\t\t\t<img fetchpriority=\"high\" decoding=\"async\" width=\"2000\" height=\"1100\" src=\"https:\/\/wordpress.nicolax.be\/wp-content\/uploads\/2025\/02\/gite-de-penot.jpeg\" class=\"attachment-full size-full wp-image-10\" alt=\"\" srcset=\"https:\/\/wordpress.nicolax.be\/wp-content\/uploads\/2025\/02\/gite-de-penot.jpeg 2000w, https:\/\/wordpress.nicolax.be\/wp-content\/uploads\/2025\/02\/gite-de-penot-300x165.jpeg 300w, https:\/\/wordpress.nicolax.be\/wp-content\/uploads\/2025\/02\/gite-de-penot-1024x563.jpeg 1024w, https:\/\/wordpress.nicolax.be\/wp-content\/uploads\/2025\/02\/gite-de-penot-768x422.jpeg 768w, https:\/\/wordpress.nicolax.be\/wp-content\/uploads\/2025\/02\/gite-de-penot-1536x845.jpeg 1536w\" sizes=\"(max-width: 2000px) 100vw, 2000px\" \/>\t\t\t\t\t\t\t\t\t\t\t\t\t\t\t<\/div>\n\t\t\t\t<\/div>\n\t\t\t\t<\/div>\n\t\t<div class=\"elementor-element elementor-element-ec3483e e-grid e-con-boxed e-con e-parent\" data-id=\"ec3483e\" data-element_type=\"container\">\n\t\t\t\t\t<div class=\"e-con-inner\">\n\t\t\t\t<div class=\"elementor-element elementor-element-c6fcbcb elementor-widget elementor-widget-text-editor\" data-id=\"c6fcbcb\" data-element_type=\"widget\" data-widget_type=\"text-editor.default\">\n\t\t\t\t<div class=\"elementor-widget-container\">\n\t\t\t\t\t\t\t\t\t<p><span style=\"color: #86939e; font-family: Nunito, sans-serif; font-size: 19px;\">Implant\u00e9e sur un terrain de 2100m\u00b2 avec piscine enti\u00e8rement privative de 9mx4m, s\u00e9curis\u00e9e par un volet, ouverte et chauff\u00e9e de mai \u00e0 septembre. Maison ind\u00e9pendante avec sous-sol de 1600m\u00b2 pour 6 personnes. Ouverte sur l&#8217;ext\u00e9rieur avec ses baies vitr\u00e9es, la maison se compose d&#8217;une cuisine \u00e9quip\u00e9e qui donne sur un espace s\u00e9jour (table repas) et un salon d\u00e9tente avec po\u00eale \u00e0 bois et un baby-foot.<\/span><br style=\"color: #86939e; font-family: Nunito, sans-serif; font-size: 19px;\" \/><span style=\"color: #86939e; font-family: Nunito, sans-serif; font-size: 19px;\">Au 1\/2 niveau : 3 chambres. 1&#215;160 avec salle d&#8217;eau et wc privatif, 1&#215;160, 1&#215;2 lits 90 superpos\u00e9s, ainsi qu&#8217;une salle d&#8217;eau et un wc s\u00e9par\u00e9s. Terrasse en bois couverte avec un salon de jardin, une plancha et un barbecue, et une table de ping-pong au sous-sol.<\/span><br style=\"color: #86939e; font-family: Nunito, sans-serif; font-size: 19px;\" \/><span style=\"color: #86939e; font-family: Nunito, sans-serif; font-size: 19px;\">Terrain non clos de 1600m\u00b2. Le linge de maison, de toilette, la pr\u00e9paration des lits, le m\u00e9nage en fin de s\u00e9jour et la connexion internet sont inclus dans le tarif.<\/span><\/p>\t\t\t\t\t\t\t\t<\/div>\n\t\t\t\t<\/div>\n\t\t\t\t<div class=\"elementor-element elementor-element-93a7ff9 elementor-widget elementor-widget-image\" data-id=\"93a7ff9\" data-element_type=\"widget\" data-widget_type=\"image.default\">\n\t\t\t\t<div class=\"elementor-widget-container\">\n\t\t\t\t\t\t\t\t\t\t\t\t\t\t\t<img decoding=\"async\" width=\"522\" height=\"425\" src=\"https:\/\/wordpress.nicolax.be\/wp-content\/uploads\/2025\/02\/description.jpg\" class=\"attachment-large size-large wp-image-20\" alt=\"\" srcset=\"https:\/\/wordpress.nicolax.be\/wp-content\/uploads\/2025\/02\/description.jpg 522w, https:\/\/wordpress.nicolax.be\/wp-content\/uploads\/2025\/02\/description-300x244.jpg 300w\" sizes=\"(max-width: 522px) 100vw, 522px\" \/>\t\t\t\t\t\t\t\t\t\t\t\t\t\t\t<\/div>\n\t\t\t\t<\/div>\n\t\t\t\t\t<\/div>\n\t\t\t\t<\/div>\n\t\t\t\t<\/div>\n\t\t","protected":false},"excerpt":{"rendered":"<p>Implant\u00e9e sur un terrain de 2100m\u00b2 avec piscine enti\u00e8rement privative de 9mx4m, s\u00e9curis\u00e9e par un volet, ouverte et chauff\u00e9e de mai \u00e0 septembre. Maison ind\u00e9pendante avec sous-sol de 1600m\u00b2 pour 6 personnes. Ouverte sur l&#8217;ext\u00e9rieur avec ses baies vitr\u00e9es, la maison se compose d&#8217;une cuisine \u00e9quip\u00e9e qui donne sur un espace s\u00e9jour (table repas) et [&hellip;]<\/p>\n","protected":false},"author":1,"featured_media":10,"parent":0,"menu_order":0,"comment_status":"closed","ping_status":"closed","template":"elementor_theme","meta":{"footnotes":""},"class_list":["post-8","page","type-page","status-publish","has-post-thumbnail","hentry"],"_links":{"self":[{"href":"https:\/\/wordpress.nicolax.be\/index.php\/wp-json\/wp\/v2\/pages\/8","targetHints":{"allow":["GET"]}}],"collection":[{"href":"https:\/\/wordpress.nicolax.be\/index.php\/wp-json\/wp\/v2\/pages"}],"about":[{"href":"https:\/\/wordpress.nicolax.be\/index.php\/wp-json\/wp\/v2\/types\/page"}],"author":[{"embeddable":true,"href":"https:\/\/wordpress.nicolax.be\/index.php\/wp-json\/wp\/v2\/users\/1"}],"replies":[{"embeddable":true,"href":"https:\/\/wordpress.nicolax.be\/index.php\/wp-json\/wp\/v2\/comments?post=8"}],"version-history":[{"count":14,"href":"https:\/\/wordpress.nicolax.be\/index.php\/wp-json\/wp\/v2\/pages\/8\/revisions"}],"predecessor-version":[{"id":42,"href":"https:\/\/wordpress.nicolax.be\/index.php\/wp-json\/wp\/v2\/pages\/8\/revisions\/42"}],"wp:featuredmedia":[{"embeddable":true,"href":"https:\/\/wordpress.nicolax.be\/index.php\/wp-json\/wp\/v2\/media\/10"}],"wp:attachment":[{"href":"https:\/\/wordpress.nicolax.be\/index.php\/wp-json\/wp\/v2\/media?parent=8"}],"curies":[{"name":"wp","href":"https:\/\/api.w.org\/{rel}","templated":true}]}}